der when q(17) is divided by p.
1
Suppose -63*c - 2354 = -170*c. Calculate the remainder when 371 is divided by c.
19
Suppose 3*q - 179 = 100. Suppose 124 = 5*f - 4*g, -f - 3*f - 3*g + q = 0. Suppose 0 = 17*z - 12*z - 25. What is the remainder when f is divided by z?
4
Let a(r) = 14*r + 54. Calculate the remainder when a(10) is divided by 28.
26
Suppose 4*x = -2*r + 152, 112 = 3*x + 5*r - 4*r. What is the remainder when 74 is divided by x?
2
Let w = 1093 - 634. What is the remainder when w is divided by 42?
39
Let s(r) = r + 43. What is the remainder when 89 is divided by s(16)?
30
Let j(k) = -k**2 + 3*k + 10. Let c(z) = 4*z + 11. Let w(p) = 3*c(p) - 4*j(p). What is the remainder when w(5) is divided by 32?
29
Suppose -3*c + x = -13, 3*c - 11 = -0*c + 2*x. Calculate the remainder when (c*44/80)/(2/64) is divided by 13.
10
Suppose 0 = p - i - 254, -2*i + 0*i = -4*p + 1012. Suppose -4*j + 160 = n, -4*j = n - 6*n - 184. Calculate the remainder when j is divided by (8/6)/(16/p).
20
Let s be (-16)/(-3)*(-36)/(-48). What is the remainder when -1 + (6 - s) + 1*54 is divided by 15?
10
Suppose 0 = -h - 3 + 6. Suppose 0 = -h*g - 2 + 14. Suppose g*k = 8 + 12. What is the remainder when 12 is divided by k?
2
Let r(n) = 21*n**2. Suppose -3 - 1 = -4*i. Suppose 3818 = 22*l + 24*l. Calculate the remainder when l is divided by r(i).
20
Suppose -2*o + 98 = -5*m + 19, 12 = 4*m. Let n(s) = 4*s - 8. What is the remainder when o is divided by n(5)?
11
Let g = -5 - -4. Calculate the remainder when (-3)/12 - (1179/(-12) - g) is divided by 20.
17
Suppose -2*r + 2*r = 4*r. Suppose -24*q + 26*q - 86 = r. Calculate the remainder when q is divided by 11.
10
Let k(g) = 40*g**2 + g. Suppose -i + 3*i - 3*y = -10, i + 6 = 2*y. Let q be (0 - (i + 1))*1. What is the remainder when k(q) is divided by 11?
8
Let w = 125 + -121. Suppose w*d - 560 = 4*l, 7*d - 4*d + 2*l = 400. What is the remainder when d is divided by 35?
31
Let z = -1240 + 1329. Calculate the remainder when 889 is divided by z.
88
Suppose g + 315 - 318 = 0. Suppose 3*q - 32 = q + 4*o, -74 = -4*q - 2*o. What is the remainder when q is divided by g?
0
Suppose -3*c = 4*v + 9 - 41, -3*v + 31 = 4*c. Calculate the remainder when 43 is divided by c/36*-3*-69.
20
Let z(u) = -u**2 - 17*u - 27. Let g(v) = 5*v**2 + 69*v + 107. Let b(k) = -2*g(k) - 9*z(k). Calculate the remainder when b(10) is divided by 40.
39
Suppose 3*f = 8*f + 30. Let o = 31 + f. Calculate the remainder when o is divided by (4256/21)/16 - 1/(-3).
12
Suppose -j - o + 49 = 0, 46 + 48 = 2*j - 2*o. Suppose 2*q = -0*q - 4*n - j, -5*q + 3*n - 94 = 0. What is the remainder when 43 is divided by q/(-30) + 134/6?
20
Let p = 48 - 11. Suppose 6*n + 25 - p = 0. What is the remainder when 9 is divided by n?
1
Let q be 1 - (-3 - -7 - -26). Let m = q - -44. Calculate the remainder when m is divided by 1 + 1*(-5)/(-1).
3
Suppose 2*z - 35 = 29. Let p = z - 17. What is the remainder when (-5)/p - (-220)/3 is divided by 25?
23
Let f(z) = -z**3 - 6*z**2 - 2*z - 6. Let q be f(-6). What is the remainder when 47 is divided by (-3)/((-4)/136*q)?
13
Let l = -2 - -7. Suppose -5*c + 1674 = 1479. What is the remainder when c is divided by l?
4
What is the remainder when 1728/45 + -2*1/5 is divided by 16?
6
Suppose -4*s + 7 = 3. Let k be 3/((s + -2)/(-1)). Suppose k*q - 21 - 144 = 0. What is the remainder when q is divided by 19?
17
Let n(a) = 2*a - 12. Calculate the remainder when 28 is divided by n(9).
4
Suppose 0 = 3*h + 4*d - 70, -5*h + 6*d + 106 = 10*d. Calculate the remainder when (35 - -2 - 2)*1 is divided by h.
17
Suppose 2*b - z + 6*z = 0, 4*z = -3*b. Suppose b = -5*t + 15, -5*p + 4*t + t = -65. Calculate the remainder when p is divided by 9.
7
What is the remainder when 129 is divided by ((-3)/(-9))/((-8)/(-1104))?
37
Let k(s) = s**2 + 7*s - 38. Calculate the remainder when k(-11) is divided by ((-2 - 0) + -1)*-1.
0
Suppose -q + s = -185, -q = s - 148 - 35. Let v(u) = 7*u - 23. What is the remainder when ((-2)/(-4))/(4/q) is divided by v(5)?
11
Suppose -10*u + 478 = -1202. Calculate the remainder when u is divided by 30.
18
Suppose -s + 346 = 4*u, 0 = 145*u - 147*u + 2*s + 168. Calculate the remainder when u is divided by ((-3)/6)/(2/(-184)).
40
Let t = 9 + -2. Let j(w) = -22*w**2 + 4*w + 7. Let a(o) = 7*o**2 - o - 2. Let z(d) = t*a(d) + 2*j(d). Calculate the remainder when 42 is divided by z(2).
20
Let i = 42 - -56. Let f(g) = g**3 - 4*g**2 - 2*g + 1. Let d be f(5). Suppose -d*a = -11*a - 165. Calculate the remainder when i is divided by a.
32
Let x = -1 - -2. What is the remainder when (-6)/7*245/(-70) is divided by x?
0
Suppose -442 = -5*k - 3*d, -6*k - 17 = 4*d - 549. Calculate the remainder when 178 is divided by k.
6
Let x(n) = -4*n - 31. What is the remainder when 243 is divided by x(-18)?
38
Suppose -237 - 379 = -11*j. What is the remainder when j is divided by 6?
2
Suppose 8*a - 9*a = 15. What is the remainder when (249/(-4))/((a/8)/5) is divided by 42?
40
Suppose -16*t = -12*t - 28. Let p(c) = -c**2 + 8*c + 11. What is the remainder when 67 is divided by p(t)?
13
Suppose -13 + 1 = 3*a. Suppose -2*h + 2 + 90 = 0. Calculate the remainder when h is divided by (a + 1)/((-2)/16).
22
Calculate the remainder when (8 + -6)/1 + 118 is divided by 44.
32
Let r = -361 + 373. Calculate the remainder when 47 is divided by r.
11
Suppose -2*g + 2*u + 96 = 0, -40 + 35 = u. What is the remainder when 591 is divided by g?
32
Let k be 1*(1 + (-8 - -1)). What is the remainder when 2/k + (-10)/(-3) is divided by 3?
0
Suppose -5*d - 12 = -3*y, 0 = -d - 2*y - 0 - 5. What is the remainder when 56 - (-2 - d) - 0 is divided by 15?
10
Suppose 2*n = o + 10 - 2, -5*n = 0. Let b(f) = -6*f - 21. What is the remainder when b(o) is divided by 7?
6
Suppose 26 = 5*m - x, -4*x + 6 + 22 = 2*m. Calculate the remainder when 81 is divided by m.
3
Let u = 748 + -209. Calculate the remainder when u is divided by 6.
5
Let b(k) = 45*k - 2. Let o be b(2). Suppose o = 4*z - 4*j, -j - j + 60 = 2*z. Calculate the remainder when z is divided by 10.
6
Let x(c) = 3*c**2 - 5*c - 2. Suppose -4 = -12*g + 92. Calculate the remainder when x(4) is divided by g.
2
Suppose 9*c - 4 = 8*c. Suppose 0 = 3*o - 4*r - 41, -2*r + 38 = -5*o + 97. Calculate the remainder when o is divided by c.
3
Let w = -39 - -18. Let c = -12 - w. Let n = 31 - 7. Calculate the remainder when n is divided by c.
6
Suppose -2*h = v - 25, -5*v - 3 - 2 = 0. Calculate the remainder when 18 is divided by h.
5
Let m(i) = -19 + 17 + 4*i - i - i**2 + 0*i**2 + 2*i**3. Let p be m(1). Suppose -3*f = -p*f - 10. What is the remainder when f is divided by 4?
2
Suppose 4*y + 5*t - 90 = 0, -52 = 10*y - 12*y + t. Calculate the remainder when y is divided by 20.
5
Let x = 15 - 9. Suppose -17 = -x*f + 31. Calculate the remainder when 11 is divided by f + (7/(-1) - -4).
1
What is the remainder when (-10)/(-25) + 54/15 + 163 is divided by 43?
38
Suppose 7*j = -6 + 83. Let k(p) = -p**3 + 12*p**2 - 10*p + 11. Calculate the remainder when 61 is divided by k(j).
17
Suppose b + 3*i + 11 - 34 = 0, 5*i = 5*b - 75. Suppose s + 13 = b. Suppose k - 4*k + 9 = -s*l, 4*k = l + 12. Calculate the remainder when k is divided by 1.
0
Let q(z) = -11*z. Let a be q(-2). Suppose 0 = -s - 4*k + 3 + 80, 4*s - 432 = 4*k. What is the remainder when a/33 - s/(-3) is divided by 9?
8
Calculate the remainder when 391 is divided by (-81)/(-6) - (25/(-2))/(-5).
6
Let a(s) = -2*s - 6. Let n = -54 - -39. What is the remainder when a(n) is divided by 13?
11
Calculate the remainder when 24 is divided by (-5 + 8)*(-2)/((-12)/22).
2
Suppose -6 = -4*w + 26. Let x(v) = -v + 4. Suppose -2 = 3*c - 2*c. What is the remainder when w is divided by x(c)?
2
Suppose -2*w + 9 = 5*j, j + w + 12 = -4*w. Suppose -j*f + 37 = 2*b, -2*b - b + 59 = f. What is the remainder when 36 is divided by b?
16
Let j = 199 + -90. Let n(v) = -v**2 - 6*v - 5. Let g be n(-4). Suppose g = -l, 6*l - 13 = -s + l. What is the remainder when j is divided by s?
25
Let y(n) = -2*n**2 + 14*n - 2. Let m(u) = -u**2 + 1. Let q(t) = 3*m(t) - y(t). Calculate the remainder when q(-10) is divided by 12.
9
Suppose 0 = p - 7 - 1. Let l(j) = -4*j + 10. Let k be l(2). Let o = k - -26. What is the remainder when o is divided by p?
4
Suppose -l = -4*x + 